 -d**2 + 9*d - 7. Let g be j(8). Let m(p) = 5*p**2 - p. Let l be m(g). Let k be (-3 + l)*(19 + 0). Calculate the highest common divisor of 152 and k.
19
Suppose -22 = -3*i + i. Let t be i - (-4 + 1)/3. Suppose 0 = -2*x + x + t. Calculate the greatest common factor of x and 12.
12
Suppose 4*l - 28 = -3*i, -2*i = -i + 2*l - 8. What is the highest common divisor of 8 and i?
4
Suppose 6*a = 3*a + 6. Suppose -n - 84 = -4*r + 22, -a*r + 60 = -4*n. What is the greatest common divisor of r and 13?
13
Suppose 21 = j + 2*w, -5*w - 21 = -2*j + 21. Suppose 0 = -q - 2*q + j. Let c be (77/3)/(3/9). What is the highest common divisor of q and c?
7
Let c(f) = f**3 - 4*f + 1. Let j be c(4). Suppose -18*d - 70 = -28*d. What is the highest common factor of j and d?
7
Suppose -4*v = 6*a - 2*a - 116, -3*a + 112 = -2*v. What is the greatest common factor of 68 and a?
34
Let u(c) = 13*c + 5. Let l(t) = t + 1. Let a(h) = 6*l(h) - u(h). Let j be a(-2). What is the greatest common factor of 165 and j?
15
Let u(p) = p**2 + 2*p - 1. Let a be u(-5). Calculate the highest common divisor of 70 and a.
14
Let j be -5 - -3 - 4*(-292)/8. Calculate the greatest common factor of 9 and j.
9
Let t(s) = s**3 - 4*s**2 - 2*s. Let r be t(5). Let w(x) = x**3 - 4*x**2 - 7*x + 7. Let c be w(7). Calculate the greatest common factor of r and c.
15
Let t(a) = -4*a**2 - 23*a - 8. Let u be t(-5). Calculate the highest common divisor of u and 56.
7
Suppose 7*g - 9 = 5. What is the highest common factor of g and 22?
2
Let u(y) = y + 18. Let i be u(0). Calculate the greatest common divisor of i and 144.
18
Let p = 13 + -1. Calculate the highest common factor of 96 and p.
12
Suppose -2*m + n = -10, 6*m - 2*m - 40 = -3*n. Let f be ((-28)/(-3))/((-1)/(-3)). Suppose -z + f = 3*z. What is the highest common factor of z and m?
7
Let y(z) = z**3 - 5*z**2 + 1. Let f be y(5). Let r = -8 + 9. Calculate the greatest common factor of r and f.
1
Let p(j) = -j**2 - 5*j + 4. Let y be p(-5). Suppose y*v - 82 - 446 = 0. Calculate the greatest common divisor of v and 12.
12
Suppose -6*b = -3*b + 2*p + 2, 3 = 5*b - 3*p. Suppose b*s + s - 30 = 0. What is the greatest common divisor of s and 15?
15
Let h(w) = 24*w + 2. Let q be h(4). Let m = 0 - -14. What is the greatest common divisor of m and q?
14
Let h = -84 + 98. Calculate the greatest common divisor of 91 and h.
7
Suppose -4*c = c. Suppose -5*h - 2*n + 345 = -0*n, -4*h + 2*n + 276 = c. What is the highest common divisor of 23 and h?
23
Let k(i) = -i**3 - 6*i**2 + i + 7. Let n be k(-6). Let q be (n + -4)/(-1) - -6. Calculate the highest common divisor of 45 and q.
9
Let c be (-4 + 5)/((-1)/(-15)). Suppose 0 = h - c - 21. What is the greatest common divisor of h and 6?
6
Let w(q) = -21*q - 4. Let f be w(-1). What is the greatest common factor of f and 34?
17
Let b = -50 + 338. Calculate the greatest common divisor of b and 36.
36
Suppose 5*y + x - 6*x = 20, 14 = 5*y - 2*x. Suppose -3*q - y*q = -400. What is the greatest common factor of 32 and q?
16
Let l = -145 - -298. Calculate the greatest common divisor of l and 17.
17
Suppose 5*t + 1 - 6 = -w, -t - w = 3. Calculate the highest common factor of 6 and t.
2
Let l be -1 + 0 - -3 - 0. Let s be -2 + 2 + (2 - -4). Let t be (6/l)/(s/28). Calculate the greatest common factor of 126 and t.
14
Suppose 4*w - 36 = -l, 5*l - 32 - 20 = -4*w. Let f = 28 - 20. Calculate the highest common divisor of f and w.
8
Suppose 6 = 4*f - s, 2*f - 3*s + 2*s - 2 = 0. Suppose z - 26 = -2*v, 3*v - 5*v + 50 = f*z. What is the highest common factor of 6 and z?
6
Let g be 4*(2*5/(-10) - -2). What is the highest common divisor of g and 100?
4
Let g(t) = -5*t - 1. Let q be g(-1). Let h be ((-8)/6)/((-3)/45). What is the highest common factor of q and h?
4
Let y be ((-2)/(-2))/(2/4). Suppose -u = -6*u - y*m + 634, -4*m + 8 = 0. Calculate the greatest common factor of u and 14.
14
Suppose -5*a + 4*a = y - 12, 0 = -2*y - 10. What is the highest common divisor of a and 153?
17
Suppose 3*p = -p - 4*n + 236, -3*n + 6 = 0. Suppose 3*o = z - 14, -z = 4*z - 2*o - p. Let h be (2/3)/(2/132). What is the greatest common factor of z and h?
11
Suppose -4*b + 2*d = -24, 4*b - 2*d = -5*d + 24. What is the highest common divisor of 4 and b?
2
Let f(t) = -t**2 - 7*t + 12. Let s be f(-9). Let i = 10 + s. Let w = 20 - i. What is the highest common factor of w and 32?
16
Suppose 0 = -3*z + 3*b + 225, 5*b + 167 = 2*z + 20. What is the greatest common factor of 19 and z?
19
Suppose 11*o - 144 = -7*o. What is the greatest common factor of 1 and o?
1
Let f be (-1 - (4 + -96)) + -1. Calculate the greatest common factor of 30 and f.
30
Suppose p = 9*p - 8. Calculate the highest common factor of p and 10.
1
Let d be (-24)/3*(-3 - 7). Calculate the highest common divisor of 10 and d.
10
Let g(k) = -4*k - 5. Let q(w) = 6*w + 8. Let m(u) = -8*g(u) - 5*q(u). Let b be m(3). Calculate the highest common divisor of 6 and b.
6
Let o(b) = -2*b**3 - 2*b**2 + 6*b + 6. Let i be o(-6). Calculate the greatest common factor of 30 and i.
30
Suppose -w - 6 = -2*w. Suppose 0 = 2*x + w - 30. Calculate the greatest common divisor of 132 and x.
12
Let s(b) = -2*b**2 + 4*b - 6. Let h(w) = w**2 + 1. Let k(v) = 8*h(v) + s(v). Let t be k(6). Let l = -130 + t. Calculate the highest common factor of l and 14.
14
Suppose -4*y = -9*y. Suppose 4*b + 3*w - 66 = 0, 0*b + 2*b - 5*w - 46 = y. Let s = 4 + 68. Calculate the greatest common factor of b and s.
18
Let s = -148 + 213. Suppose -2*x = -x + 4. Let r(d) = -2*d + 5. Let y be r(x). What is the highest common divisor of s and y?
13
Let w = -59 + 71. Calculate the highest common factor of w and 4.
4
Let b be -6*(6/4 - 2). Calculate the highest common divisor of b and 27.
3
Let w(c) = -2*c + 8. Let n be (-3 + -4)/(1/1). Let m be w(n). Calculate the highest common factor of m and 22.
22
Let q = 9 - 2. Let r(w) = -8*w**3 + 3*w**2 + 2*w - 2. Let k be r(-2). What is the highest common divisor of k and q?
7
Let t be 0/(-1) + -1 + 1. Suppose 0 = 4*c + 2*z - 440, -5*z = c - t*z - 92. Suppose -20 = -j - 6. Calculate the greatest common divisor of j and c.
14
Suppose 5*d - 51 - 9 = 0. What is the highest common divisor of 9 and d?
3
Suppose -18 = r - 3*r. What is the highest common divisor of 9 and r?
9
Let z(o) = 22*o - 9 + 8*o - 21*o + 7*o. Let q be z(6). Calculate the highest common divisor of 29 and q.
29
Suppose 152 - 881 = -9*g. Calculate the greatest common factor of 27 and g.
27
Let o = -8 - -41. What is the greatest common factor of o and 11?
11
Suppose 5*q - 6*q = -4. Suppose 5*c + 5*w = 3*w + 94, c + 4*w - 8 = 0. Calculate the greatest common divisor of q and c.
4
Suppose 10 = -2*j + 4*j. What is the greatest common divisor of 35 and j?
5
Let h(g) = g**3 - 9*g**2 - 12*g + 27. Let d be h(10). What is the greatest common divisor of d and 49?
7
Let s = 13 + -18. Suppose -10 - 34 = 4*u. Let l = s - u. Calculate the greatest common divisor of 9 and l.
3
Let o = 123 - 49. Calculate the highest common divisor of o and 185.
37
Let m = -2 - -23. Suppose -3*d + 4 = -8. Suppose -d*i = 2*x - 466, -x - i = -156 - 76. What is the highest common factor of x and m?
21
Let r = 2 + 0. Suppose 2*x - 20 = -r*x. Suppose 965 = x*y + 290. What is the greatest common divisor of 15 and y?
15
Let h be 9 + (-2)/(-1) + 1. Suppose -h = -6*y + 4*y. What is the highest common factor of 9 and y?
3
Let j = -14 - 10. Let k = j + 44. Calculate the highest common factor of k and 100.
20
Suppose -4*v + 2*v = 44. Let p = -13 - v. What is the greatest common factor of 81 and p?
9
Suppose 0 = 3*c - 7*c + 32. Suppose -i + 4*z = -z - 83, 353 = 4*i + z. Calculate the highest common divisor of i and c.
8
Suppose 312 = 8*l - 4*l. Let h be 157/3 + (-1)/3. What is the highest common divisor of l and h?
26
Let p = 37 + -25. Let k be (1 - -23)/((-5)/(-5)). Calculate the greatest common factor of p and k.
12
Suppose 0 = 5*n - 738 - 102. Let r = -88 + n. Calculate the highest common divisor of 16 and r.
16
Let l(c) be the third derivative of -c**4/4 + 2*c**3/3 + c**2. Let x be l(-3). Let b be 304/8 + 4 + -9. What is the highest common divisor of x and b?
11
Suppose -5*r + 96 = r. What is the greatest common factor of 32 and r?
16
Suppose 0 = -0*y - 4*y. Suppose y = 2*u - 2 - 6. Let i be ((-1)/2)